{"id":22,"date":"2023-11-13T07:20:41","date_gmt":"2023-11-13T10:20:41","guid":{"rendered":"https:\/\/mgsgroups.net.br\/?page_id=22"},"modified":"2023-12-27T20:12:48","modified_gmt":"2023-12-27T23:12:48","slug":"nossa-academia","status":"publish","type":"page","link":"https:\/\/mgsgroups.net.br\/index.php\/nossa-academia\/","title":{"rendered":"Nossa Academia"},"content":{"rendered":"\t\t<div data-elementor-type=\"wp-page\" data-elementor-id=\"22\" class=\"elementor elementor-22\" data-elementor-settings=\"{&quot;ha_cmc_init_switcher&quot;:&quot;no&quot;}\">\n\t\t\t\t<div class=\"elementor-element elementor-element-39d1fc25 e-flex e-con-boxed e-con e-parent\" data-id=\"39d1fc25\" data-element_type=\"container\" data-settings=\"{&quot;background_background&quot;:&quot;classic&quot;,&quot;_ha_eqh_enable&quot;:false}\">\n\t\t\t\t\t<div class=\"e-con-inner\">\n\t\t\t\t<div class=\"elementor-element elementor-element-5872fe59 elementor-widget elementor-widget-heading\" data-id=\"5872fe59\" data-element_type=\"widget\" data-widget_type=\"heading.default\">\n\t\t\t\t<div class=\"elementor-widget-container\">\n\t\t\t<style>\/*! elementor - v3.21.0 - 18-04-2024 *\/\n.elementor-heading-title{padding:0;margin:0;line-height:1}.elementor-widget-heading .elementor-heading-title[class*=elementor-size-]>a{color:inherit;font-size:inherit;line-height:inherit}.elementor-widget-heading .elementor-heading-title.elementor-size-small{font-size:15px}.elementor-widget-heading .elementor-heading-title.elementor-size-medium{font-size:19px}.elementor-widget-heading .elementor-heading-title.elementor-size-large{font-size:29px}.elementor-widget-heading .elementor-heading-title.elementor-size-xl{font-size:39px}.elementor-widget-heading .elementor-heading-title.elementor-size-xxl{font-size:59px}<\/style><h1 class=\"elementor-heading-title elementor-size-default\">MGS CONSULTING\nCENTRO DE CAPACITA\u00c7\u00c3O\n<\/h1>\t\t<\/div>\n\t\t\t\t<\/div>\n\t\t\t\t<div class=\"elementor-element elementor-element-721cd759 elementor-align-center elementor-mobile-align-center elementor-widget elementor-widget-button\" data-id=\"721cd759\" data-element_type=\"widget\" data-widget_type=\"button.default\">\n\t\t\t\t<div class=\"elementor-widget-container\">\n\t\t\t\t\t<div class=\"elementor-button-wrapper\">\n\t\t\t<a class=\"elementor-button elementor-button-link elementor-size-sm\" href=\"https:\/\/mgsgroups.net.br\/index.php\/oportunidades\/\">\n\t\t\t\t\t\t<span class=\"elementor-button-content-wrapper\">\n\t\t\t\t\t\t\t\t\t<span class=\"elementor-button-text\">Trabalhe Conosco<\/span>\n\t\t\t\t\t<\/span>\n\t\t\t\t\t<\/a>\n\t\t<\/div>\n\t\t\t\t<\/div>\n\t\t\t\t<\/div>\n\t\t\t\t\t<\/div>\n\t\t\t\t<\/div>\n\t\t<div class=\"elementor-element elementor-element-1df88bb3 e-flex e-con-boxed e-con e-parent\" data-id=\"1df88bb3\" data-element_type=\"container\" data-settings=\"{&quot;_ha_eqh_enable&quot;:false}\">\n\t\t\t\t\t<div class=\"e-con-inner\">\n\t\t<div class=\"elementor-element elementor-element-7b590e5f e-con-full e-flex e-con e-child\" data-id=\"7b590e5f\" data-element_type=\"container\" data-settings=\"{&quot;_ha_eqh_enable&quot;:false}\">\n\t\t\t\t<div class=\"elementor-element elementor-element-2b864aa elementor-widget elementor-widget-image\" data-id=\"2b864aa\" data-element_type=\"widget\" data-widget_type=\"image.default\">\n\t\t\t\t<div class=\"elementor-widget-container\">\n\t\t\t<style>\/*! elementor - v3.21.0 - 18-04-2024 *\/\n.elementor-widget-image{text-align:center}.elementor-widget-image a{display:inline-block}.elementor-widget-image a img[src$=\".svg\"]{width:48px}.elementor-widget-image img{vertical-align:middle;display:inline-block}<\/style>\t\t\t\t\t\t\t\t\t\t<img fetchpriority=\"high\" decoding=\"async\" width=\"800\" height=\"600\" src=\"https:\/\/mgsgroups.net.br\/wp-content\/uploads\/2023\/11\/WhatsApp-Image-2022-12-15-at-16.06.37-1024x768.jpeg\" class=\"attachment-large size-large wp-image-1414\" alt=\"\" srcset=\"https:\/\/mgsgroups.net.br\/wp-content\/uploads\/2023\/11\/WhatsApp-Image-2022-12-15-at-16.06.37-1024x768.jpeg 1024w, https:\/\/mgsgroups.net.br\/wp-content\/uploads\/2023\/11\/WhatsApp-Image-2022-12-15-at-16.06.37-300x225.jpeg 300w, https:\/\/mgsgroups.net.br\/wp-content\/uploads\/2023\/11\/WhatsApp-Image-2022-12-15-at-16.06.37-768x576.jpeg 768w, https:\/\/mgsgroups.net.br\/wp-content\/uploads\/2023\/11\/WhatsApp-Image-2022-12-15-at-16.06.37-1536x1152.jpeg 1536w, https:\/\/mgsgroups.net.br\/wp-content\/uploads\/2023\/11\/WhatsApp-Image-2022-12-15-at-16.06.37.jpeg 1600w\" sizes=\"(max-width: 800px) 100vw, 800px\" \/>\t\t\t\t\t\t\t\t\t\t\t\t\t<\/div>\n\t\t\t\t<\/div>\n\t\t\t\t<\/div>\n\t\t<div class=\"elementor-element elementor-element-70a3859 e-con-full e-flex e-con e-child\" data-id=\"70a3859\" data-element_type=\"container\" data-settings=\"{&quot;_ha_eqh_enable&quot;:false}\">\n\t\t\t\t<div class=\"elementor-element elementor-element-7ac3adca elementor-widget elementor-widget-heading\" data-id=\"7ac3adca\" data-element_type=\"widget\" data-widget_type=\"heading.default\">\n\t\t\t\t<div class=\"elementor-widget-container\">\n\t\t\t<h3 class=\"elementor-heading-title elementor-size-default\">MGS CONSULTING\nCENTRO DE CAPACITA\u00c7\u00c3O\n<\/h3>\t\t<\/div>\n\t\t\t\t<\/div>\n\t\t\t\t<div class=\"elementor-element elementor-element-6c5bcf04 elementor-widget elementor-widget-text-editor\" data-id=\"6c5bcf04\" data-element_type=\"widget\" data-widget_type=\"text-editor.default\">\n\t\t\t\t<div class=\"elementor-widget-container\">\n\t\t\t<style>\/*! elementor - v3.21.0 - 18-04-2024 *\/\n.elementor-widget-text-editor.elementor-drop-cap-view-stacked .elementor-drop-cap{background-color:#69727d;color:#fff}.elementor-widget-text-editor.elementor-drop-cap-view-framed .elementor-drop-cap{color:#69727d;border:3px solid;background-color:transparent}.elementor-widget-text-editor:not(.elementor-drop-cap-view-default) .elementor-drop-cap{margin-top:8px}.elementor-widget-text-editor:not(.elementor-drop-cap-view-default) .elementor-drop-cap-letter{width:1em;height:1em}.elementor-widget-text-editor .elementor-drop-cap{float:left;text-align:center;line-height:1;font-size:50px}.elementor-widget-text-editor .elementor-drop-cap-letter{display:inline-block}<\/style>\t\t\t\t<p><span style=\"font-weight: 400;\">A MGS Consulting possui um treinamento interno e programa de reciclagem para nossos consultores<\/span><\/p><p><span style=\"font-weight: 400;\">Nossos profissionais participam de programas de educa\u00e7\u00e3o continuada e pesquisas submetendo-se periodicamente \u00e0s certifica\u00e7\u00f5es APICS, Supply Chain Council (SCOR) e SAP.<\/span><\/p><p><span style=\"font-weight: 400;\">Mantemos conv\u00eanios e programas de est\u00e1gio supervisionado com as melhores faculdades e universidades do Brasil (ex. UNICAMP, USP) e SAP Learning HUB<\/span><\/p>\t\t\t\t\t\t<\/div>\n\t\t\t\t<\/div>\n\t\t\t\t<\/div>\n\t\t\t\t\t<\/div>\n\t\t\t\t<\/div>\n\t\t<div class=\"elementor-element elementor-element-98fe01f e-flex e-con-boxed e-con e-parent\" data-id=\"98fe01f\" data-element_type=\"container\" data-settings=\"{&quot;_ha_eqh_enable&quot;:false}\">\n\t\t\t\t\t<div class=\"e-con-inner\">\n\t\t\t\t<div class=\"elementor-element elementor-element-42d4454 elementor-widget elementor-widget-image-gallery\" data-id=\"42d4454\" data-element_type=\"widget\" data-widget_type=\"image-gallery.default\">\n\t\t\t\t<div class=\"elementor-widget-container\">\n\t\t\t<style>.elementor-image-gallery .gallery-item{display:inline-block;text-align:center;vertical-align:top;width:100%;max-width:100%;margin:0 auto}.elementor-image-gallery .gallery-item img{margin:0 auto}.elementor-image-gallery .gallery-item .gallery-caption{margin:0}.elementor-image-gallery figure img{display:block}.elementor-image-gallery figure figcaption{width:100%}.gallery-spacing-custom .elementor-image-gallery .gallery-icon{padding:0}@media (min-width:768px){.elementor-image-gallery .gallery-columns-2 .gallery-item{max-width:50%}.elementor-image-gallery .gallery-columns-3 .gallery-item{max-width:33.33%}.elementor-image-gallery .gallery-columns-4 .gallery-item{max-width:25%}.elementor-image-gallery .gallery-columns-5 .gallery-item{max-width:20%}.elementor-image-gallery .gallery-columns-6 .gallery-item{max-width:16.666%}.elementor-image-gallery .gallery-columns-7 .gallery-item{max-width:14.28%}.elementor-image-gallery .gallery-columns-8 .gallery-item{max-width:12.5%}.elementor-image-gallery .gallery-columns-9 .gallery-item{max-width:11.11%}.elementor-image-gallery .gallery-columns-10 .gallery-item{max-width:10%}}@media (min-width:480px) and (max-width:767px){.elementor-image-gallery .gallery.gallery-columns-2 .gallery-item,.elementor-image-gallery .gallery.gallery-columns-3 .gallery-item,.elementor-image-gallery .gallery.gallery-columns-4 .gallery-item,.elementor-image-gallery .gallery.gallery-columns-5 .gallery-item,.elementor-image-gallery .gallery.gallery-columns-6 .gallery-item,.elementor-image-gallery .gallery.gallery-columns-7 .gallery-item,.elementor-image-gallery .gallery.gallery-columns-8 .gallery-item,.elementor-image-gallery .gallery.gallery-columns-9 .gallery-item,.elementor-image-gallery .gallery.gallery-columns-10 .gallery-item{max-width:50%}}@media (max-width:479px){.elementor-image-gallery .gallery.gallery-columns-2 .gallery-item,.elementor-image-gallery .gallery.gallery-columns-3 .gallery-item,.elementor-image-gallery .gallery.gallery-columns-4 .gallery-item,.elementor-image-gallery .gallery.gallery-columns-5 .gallery-item,.elementor-image-gallery .gallery.gallery-columns-6 .gallery-item,.elementor-image-gallery .gallery.gallery-columns-7 .gallery-item,.elementor-image-gallery .gallery.gallery-columns-8 .gallery-item,.elementor-image-gallery .gallery.gallery-columns-9 .gallery-item,.elementor-image-gallery .gallery.gallery-columns-10 .gallery-item{max-width:100%}}<\/style>\t\t<div class=\"elementor-image-gallery\">\n\t\t\t<div id='gallery-1' class='gallery galleryid-22 gallery-columns-3 gallery-size-full'><figure class='gallery-item'>\n\t\t\t<div class='gallery-icon landscape'>\n\t\t\t\t<img decoding=\"async\" width=\"833\" height=\"625\" src=\"https:\/\/mgsgroups.net.br\/wp-content\/uploads\/2023\/11\/9b8abe7d-2f38-41f4-bb5c-e0ca75374eb1.jpg\" class=\"attachment-full size-full\" alt=\"\" srcset=\"https:\/\/mgsgroups.net.br\/wp-content\/uploads\/2023\/11\/9b8abe7d-2f38-41f4-bb5c-e0ca75374eb1.jpg 833w, https:\/\/mgsgroups.net.br\/wp-content\/uploads\/2023\/11\/9b8abe7d-2f38-41f4-bb5c-e0ca75374eb1-300x225.jpg 300w, https:\/\/mgsgroups.net.br\/wp-content\/uploads\/2023\/11\/9b8abe7d-2f38-41f4-bb5c-e0ca75374eb1-768x576.jpg 768w\" sizes=\"(max-width: 833px) 100vw, 833px\" \/>\n\t\t\t<\/div><\/figure><figure class='gallery-item'>\n\t\t\t<div class='gallery-icon landscape'>\n\t\t\t\t<img decoding=\"async\" width=\"1024\" height=\"768\" src=\"https:\/\/mgsgroups.net.br\/wp-content\/uploads\/2023\/11\/924929ec-f8c3-41f6-88fd-834bea84fb5f.jpg\" class=\"attachment-full size-full\" alt=\"\" srcset=\"https:\/\/mgsgroups.net.br\/wp-content\/uploads\/2023\/11\/924929ec-f8c3-41f6-88fd-834bea84fb5f.jpg 1024w, https:\/\/mgsgroups.net.br\/wp-content\/uploads\/2023\/11\/924929ec-f8c3-41f6-88fd-834bea84fb5f-300x225.jpg 300w, https:\/\/mgsgroups.net.br\/wp-content\/uploads\/2023\/11\/924929ec-f8c3-41f6-88fd-834bea84fb5f-768x576.jpg 768w\" sizes=\"(max-width: 1024px) 100vw, 1024px\" \/>\n\t\t\t<\/div><\/figure><figure class='gallery-item'>\n\t\t\t<div class='gallery-icon landscape'>\n\t\t\t\t<img loading=\"lazy\" decoding=\"async\" width=\"1024\" height=\"768\" src=\"https:\/\/mgsgroups.net.br\/wp-content\/uploads\/2023\/11\/eb8e78a1-2b03-446d-91e5-f27f1cd8cf3a.jpg\" class=\"attachment-full size-full\" alt=\"\" srcset=\"https:\/\/mgsgroups.net.br\/wp-content\/uploads\/2023\/11\/eb8e78a1-2b03-446d-91e5-f27f1cd8cf3a.jpg 1024w, https:\/\/mgsgroups.net.br\/wp-content\/uploads\/2023\/11\/eb8e78a1-2b03-446d-91e5-f27f1cd8cf3a-300x225.jpg 300w, https:\/\/mgsgroups.net.br\/wp-content\/uploads\/2023\/11\/eb8e78a1-2b03-446d-91e5-f27f1cd8cf3a-768x576.jpg 768w\" sizes=\"(max-width: 1024px) 100vw, 1024px\" \/>\n\t\t\t<\/div><\/figure><figure class='gallery-item'>\n\t\t\t<div class='gallery-icon landscape'>\n\t\t\t\t<img loading=\"lazy\" decoding=\"async\" width=\"1024\" height=\"768\" src=\"https:\/\/mgsgroups.net.br\/wp-content\/uploads\/2023\/11\/Time-EUA.jpg\" class=\"attachment-full size-full\" alt=\"\" srcset=\"https:\/\/mgsgroups.net.br\/wp-content\/uploads\/2023\/11\/Time-EUA.jpg 1024w, https:\/\/mgsgroups.net.br\/wp-content\/uploads\/2023\/11\/Time-EUA-300x225.jpg 300w, https:\/\/mgsgroups.net.br\/wp-content\/uploads\/2023\/11\/Time-EUA-768x576.jpg 768w\" sizes=\"(max-width: 1024px) 100vw, 1024px\" \/>\n\t\t\t<\/div><\/figure><figure class='gallery-item'>\n\t\t\t<div class='gallery-icon landscape'>\n\t\t\t\t<img loading=\"lazy\" decoding=\"async\" width=\"1001\" height=\"751\" src=\"https:\/\/mgsgroups.net.br\/wp-content\/uploads\/2023\/11\/0037c81c-6b93-4000-a070-f2ca3c869873.jpg\" class=\"attachment-full size-full\" alt=\"\" srcset=\"https:\/\/mgsgroups.net.br\/wp-content\/uploads\/2023\/11\/0037c81c-6b93-4000-a070-f2ca3c869873.jpg 1001w, https:\/\/mgsgroups.net.br\/wp-content\/uploads\/2023\/11\/0037c81c-6b93-4000-a070-f2ca3c869873-300x225.jpg 300w, https:\/\/mgsgroups.net.br\/wp-content\/uploads\/2023\/11\/0037c81c-6b93-4000-a070-f2ca3c869873-768x576.jpg 768w\" sizes=\"(max-width: 1001px) 100vw, 1001px\" \/>\n\t\t\t<\/div><\/figure><figure class='gallery-item'>\n\t\t\t<div class='gallery-icon landscape'>\n\t\t\t\t<img loading=\"lazy\" decoding=\"async\" width=\"1600\" height=\"1200\" src=\"https:\/\/mgsgroups.net.br\/wp-content\/uploads\/2023\/11\/WhatsApp-Image-2022-12-15-at-16.06.37-1.jpeg\" class=\"attachment-full size-full\" alt=\"\" srcset=\"https:\/\/mgsgroups.net.br\/wp-content\/uploads\/2023\/11\/WhatsApp-Image-2022-12-15-at-16.06.37-1.jpeg 1600w, https:\/\/mgsgroups.net.br\/wp-content\/uploads\/2023\/11\/WhatsApp-Image-2022-12-15-at-16.06.37-1-300x225.jpeg 300w, https:\/\/mgsgroups.net.br\/wp-content\/uploads\/2023\/11\/WhatsApp-Image-2022-12-15-at-16.06.37-1-1024x768.jpeg 1024w, https:\/\/mgsgroups.net.br\/wp-content\/uploads\/2023\/11\/WhatsApp-Image-2022-12-15-at-16.06.37-1-768x576.jpeg 768w, https:\/\/mgsgroups.net.br\/wp-content\/uploads\/2023\/11\/WhatsApp-Image-2022-12-15-at-16.06.37-1-1536x1152.jpeg 1536w\" sizes=\"(max-width: 1600px) 100vw, 1600px\" \/>\n\t\t\t<\/div><\/figure>\n\t\t<\/div>\n\t\t<\/div>\n\t\t\t\t<\/div>\n\t\t\t\t<\/div>\n\t\t\t\t\t<\/div>\n\t\t\t\t<\/div>\n\t\t<div class=\"elementor-element elementor-element-e3e2c60 e-flex e-con-boxed e-con e-parent\" data-id=\"e3e2c60\" data-element_type=\"container\" data-settings=\"{&quot;_ha_eqh_enable&quot;:false}\">\n\t\t\t\t\t<div class=\"e-con-inner\">\n\t\t\t\t<div class=\"elementor-element elementor-element-21e2b83 ha-testimonial--left ha-testimonial--basic elementor-widget elementor-widget-ha-testimonial happy-addon ha-testimonial\" data-id=\"21e2b83\" data-element_type=\"widget\" data-widget_type=\"ha-testimonial.default\">\n\t\t\t\t<div class=\"elementor-widget-container\">\n\t\t\t\n\t\t<div class=\"ha-testimonial__content\">\n\t\t\tSe fosse pra definir a MGS em uma palavra, ela seria: oportunidade. Estar aqui \u00e9 uma realiza\u00e7\u00e3o todos os dias, ambiente tranquilo, profissionais competentes, gestores humanos, pessoas que se preocupam em estimular, instruir e orientar seus colaboradores. Juntando isso com um ambiente descontra\u00eddo, leve e emp\u00e1tico, ser produtivo \u00e9 uma consequ\u00eancia inevit\u00e1vel. Indo em contraponto ao ideal de contratar um colaborador j\u00e1 com experi\u00eancia e bagagem, a MGS est\u00e1 aberta a talentos que buscam oportunidades, oferecendo orienta\u00e7\u00e3o excelente e plano de carreira. Sem d\u00favidas, minha experi\u00eancia tem sido a melhor poss\u00edvel desde que cheguei, aqui minha autoestima se recuperou e a autoconfian\u00e7a apareceu. Se voc\u00ea, assim como eu, \u00e9 um profissional que busca qualidade de vida, de trabalho e, principalmente, busca oportunidade, venha aprender com um time que verdadeiramente est\u00e1 disposto a te ensinar. Venha experienciar um ambiente saud\u00e1vel e motivador, venha para a MGS Consulting\u201c\n\t\t<\/div>\n\t\t<div class=\"ha-testimonial__reviewer\">\n\t\t\t\t\t\t\t<div class=\"ha-testimonial__reviewer-thumb\">\n\t\t\t\t\t<img loading=\"lazy\" decoding=\"async\" width=\"546\" height=\"636\" src=\"https:\/\/mgsgroups.net.br\/wp-content\/uploads\/2023\/11\/Ana-Machado.jpg\" class=\"attachment-full size-full wp-image-1384\" alt=\"\" srcset=\"https:\/\/mgsgroups.net.br\/wp-content\/uploads\/2023\/11\/Ana-Machado.jpg 546w, https:\/\/mgsgroups.net.br\/wp-content\/uploads\/2023\/11\/Ana-Machado-258x300.jpg 258w\" sizes=\"(max-width: 546px) 100vw, 546px\" \/>\t\t\t\t<\/div>\n\t\t\t\n\t\t\t<div class=\"ha-testimonial__reviewer-meta\">\n\t\t\t\t<div class=\"ha-testimonial__reviewer-name\">Ana Carolina<\/div>\n\t\t\t\t<div class=\"ha-testimonial__reviewer-title\">SAP ABAP CONSULTANT<\/div>\n\t\t\t<\/div>\n\t\t<\/div>\n\t\t\t\t<\/div>\n\t\t\t\t<\/div>\n\t\t\t\t<div class=\"elementor-element elementor-element-ad3c74b ha-testimonial--left ha-testimonial--basic elementor-widget elementor-widget-ha-testimonial happy-addon ha-testimonial\" data-id=\"ad3c74b\" data-element_type=\"widget\" data-widget_type=\"ha-testimonial.default\">\n\t\t\t\t<div class=\"elementor-widget-container\">\n\t\t\t\n\t\t<div class=\"ha-testimonial__content\">\n\t\t\tA minha experi\u00eancia na MGS est\u00e1 sendo a melhor poss\u00edvel. No in\u00edcio, tive um pouco de receio de como seria e me surpreendi positivamente desde o primeiro dia. Colaboradores super sol\u00edcitos, atenciosos, unidos em prol da empresa, trata todos de igual para igual, todos se ajudam, e isso fez com o que eu me sentisse muito \u00e0 vontade para perguntar, tirar d\u00favidas, facilitando muito na minha adapta\u00e7\u00e3o e no meu aprendizado. Hoje, sou muito grato a todos pela forma que me trataram e conduziram o meu treinamento at\u00e9 aqui, pois isso me motiva a melhorar e buscar conhecimento a cada dia para que eu possa cumprir todas as minhas metas e crescer junto da MGS\n\t\t<\/div>\n\t\t<div class=\"ha-testimonial__reviewer\">\n\t\t\t\t\t\t\t<div class=\"ha-testimonial__reviewer-thumb\">\n\t\t\t\t\t<img loading=\"lazy\" decoding=\"async\" width=\"394\" height=\"528\" src=\"https:\/\/mgsgroups.net.br\/wp-content\/uploads\/2023\/11\/Joao-Victor.jpg\" class=\"attachment-full size-full wp-image-1398\" alt=\"\" srcset=\"https:\/\/mgsgroups.net.br\/wp-content\/uploads\/2023\/11\/Joao-Victor.jpg 394w, https:\/\/mgsgroups.net.br\/wp-content\/uploads\/2023\/11\/Joao-Victor-224x300.jpg 224w\" sizes=\"(max-width: 394px) 100vw, 394px\" \/>\t\t\t\t<\/div>\n\t\t\t\n\t\t\t<div class=\"ha-testimonial__reviewer-meta\">\n\t\t\t\t<div class=\"ha-testimonial__reviewer-name\">Jo\u00e3o Victor<\/div>\n\t\t\t\t<div class=\"ha-testimonial__reviewer-title\">SAP IBP CONSULTANT<\/div>\n\t\t\t<\/div>\n\t\t<\/div>\n\t\t\t\t<\/div>\n\t\t\t\t<\/div>\n\t\t\t\t<div class=\"elementor-element elementor-element-465e09d ha-testimonial--left ha-testimonial--basic elementor-widget elementor-widget-ha-testimonial happy-addon ha-testimonial\" data-id=\"465e09d\" data-element_type=\"widget\" data-widget_type=\"ha-testimonial.default\">\n\t\t\t\t<div class=\"elementor-widget-container\">\n\t\t\t\n\t\t<div class=\"ha-testimonial__content\">\n\t\t\tBom, trabalhar na MGS Consulting \u00e9 muito satisfat\u00f3rio e mudou totalmente minha vis\u00e3o de estar empregado. O processo de aprendizagem \u00e9 bastante tranquilo, onde te estimulam a aprender mais, sempre respeitando sua posi\u00e7\u00e3o e suas limita\u00e7\u00f5es, jamais te sobrecarregando. Faltam-me palavras para descrever a forma de como a equipe \u00e9 atenciosa, prestativa e colaborativa com todos, sem distin\u00e7\u00e3o de cargo ou posi\u00e7\u00e3o, pois acredito que se d\u00e1 pelo fato da empresa ter uma organiza\u00e7\u00e3o horizontal, onde todos t\u00eam acesso \u00e0 todos, o que nos faz ter mais autonomia e responsabilidade no dia a dia. Permitindo desburocratizar processos, clareando ainda mais onde a equipe deseja alcan\u00e7ar. Metas e objetivos s\u00e3o tratados com seriedade, foco e comprometimento, tornando-a uma empresa de car\u00e1ter, respons\u00e1vel e totalmente focada na experi\u00eancia do cliente. Estou engajado para entregar resultados em 2023 pois assim estarei contribuindo para o desenvolvimento da empresa, e com isso, n\u00e3o deixarei de colher bons frutos dessa minha entrega.\n\t\t<\/div>\n\t\t<div class=\"ha-testimonial__reviewer\">\n\t\t\t\t\t\t\t<div class=\"ha-testimonial__reviewer-thumb\">\n\t\t\t\t\t<img loading=\"lazy\" decoding=\"async\" width=\"520\" height=\"521\" src=\"https:\/\/mgsgroups.net.br\/wp-content\/uploads\/2023\/11\/Fellipe-Ferreira.jpg\" class=\"attachment-full size-full wp-image-1393\" alt=\"\" srcset=\"https:\/\/mgsgroups.net.br\/wp-content\/uploads\/2023\/11\/Fellipe-Ferreira.jpg 520w, https:\/\/mgsgroups.net.br\/wp-content\/uploads\/2023\/11\/Fellipe-Ferreira-300x300.jpg 300w, https:\/\/mgsgroups.net.br\/wp-content\/uploads\/2023\/11\/Fellipe-Ferreira-150x150.jpg 150w\" sizes=\"(max-width: 520px) 100vw, 520px\" \/>\t\t\t\t<\/div>\n\t\t\t\n\t\t\t<div class=\"ha-testimonial__reviewer-meta\">\n\t\t\t\t<div class=\"ha-testimonial__reviewer-name\">Fellipe Ferreira<\/div>\n\t\t\t\t<div class=\"ha-testimonial__reviewer-title\">SAP IBP CONSULTANT<\/div>\n\t\t\t<\/div>\n\t\t<\/div>\n\t\t\t\t<\/div>\n\t\t\t\t<\/div>\n\t\t\t\t\t<\/div>\n\t\t\t\t<\/div>\n\t\t\t\t<section class=\"elementor-section elementor-top-section elementor-element elementor-element-3d3f096 elementor-section-height-min-height elementor-section-boxed elementor-section-height-default elementor-section-items-middle\" data-id=\"3d3f096\" data-element_type=\"section\" data-settings=\"{&quot;background_background&quot;:&quot;classic&quot;,&quot;_ha_eqh_enable&quot;:false}\">\n\t\t\t\t\t\t\t<div class=\"elementor-background-overlay\"><\/div>\n\t\t\t\t\t\t\t<div class=\"elementor-container elementor-column-gap-default\">\n\t\t\t\t\t<div class=\"elementor-column elementor-col-50 elementor-top-column elementor-element elementor-element-9fa914b elementor-hidden-tablet elementor-hidden-mobile\" data-id=\"9fa914b\" data-element_type=\"column\">\n\t\t\t<div class=\"elementor-widget-wrap\">\n\t\t\t\t\t\t\t<\/div>\n\t\t<\/div>\n\t\t\t\t<div class=\"elementor-column elementor-col-50 elementor-top-column elementor-element elementor-element-647ff98\" data-id=\"647ff98\" data-element_type=\"column\">\n\t\t\t<div class=\"elementor-widget-wrap elementor-element-populated\">\n\t\t\t\t\t\t<div class=\"elementor-element elementor-element-5f90934 elementor-widget elementor-widget-heading\" data-id=\"5f90934\" data-element_type=\"widget\" data-widget_type=\"heading.default\">\n\t\t\t\t<div class=\"elementor-widget-container\">\n\t\t\t<h2 class=\"elementor-heading-title elementor-size-default\">FALE CONOSCO AGORA MESMO<\/h2>\t\t<\/div>\n\t\t\t\t<\/div>\n\t\t\t\t<div class=\"elementor-element elementor-element-62b99ab elementor-widget elementor-widget-text-editor\" data-id=\"62b99ab\" data-element_type=\"widget\" data-widget_type=\"text-editor.default\">\n\t\t\t\t<div class=\"elementor-widget-container\">\n\t\t\t\t\t\t\t<p>Somos o parceiro ideal para empresas que buscam maximizar a efici\u00eancia de sua cadeia de suprimentos por meio de uma vis\u00e3o hol\u00edstica que alinha estrat\u00e9gia, processos, pessoas e tecnologia.<\/p>\t\t\t\t\t\t<\/div>\n\t\t\t\t<\/div>\n\t\t\t\t<div class=\"elementor-element elementor-element-475f305 elementor-align-justify elementor-widget-laptop__width-initial elementor-widget elementor-widget-button\" data-id=\"475f305\" data-element_type=\"widget\" data-widget_type=\"button.default\">\n\t\t\t\t<div class=\"elementor-widget-container\">\n\t\t\t\t\t<div class=\"elementor-button-wrapper\">\n\t\t\t<a class=\"elementor-button elementor-button-link elementor-size-sm\" href=\"https:\/\/mgsgroups.net.br\/index.php\/contato\/\">\n\t\t\t\t\t\t<span class=\"elementor-button-content-wrapper\">\n\t\t\t\t\t\t\t\t\t<span class=\"elementor-button-text\">Fale Conosco<\/span>\n\t\t\t\t\t<\/span>\n\t\t\t\t\t<\/a>\n\t\t<\/div>\n\t\t\t\t<\/div>\n\t\t\t\t<\/div>\n\t\t\t\t\t<\/div>\n\t\t<\/div>\n\t\t\t\t\t<\/div>\n\t\t<\/section>\n\t\t\t\t<\/div>\n\t\t","protected":false},"excerpt":{"rendered":"<p>MGS CONSULTING CENTRO DE CAPACITA\u00c7\u00c3O Trabalhe Conosco MGS CONSULTING CENTRO DE CAPACITA\u00c7\u00c3O A MGS Consulting possui um treinamento interno e programa de reciclagem para nossos consultores Nossos profissionais participam de programas de educa\u00e7\u00e3o continuada e pesquisas submetendo-se periodicamente \u00e0s certifica\u00e7\u00f5es APICS, Supply Chain Council (SCOR) e SAP. Mantemos conv\u00eanios e programas de est\u00e1gio supervisionado com [&hellip;]<\/p>\n","protected":false},"author":1,"featured_media":0,"parent":0,"menu_order":0,"comment_status":"closed","ping_status":"closed","template":"","meta":{"_joinchat":[],"footnotes":""},"class_list":["post-22","page","type-page","status-publish","hentry"],"_links":{"self":[{"href":"https:\/\/mgsgroups.net.br\/index.php\/wp-json\/wp\/v2\/pages\/22","targetHints":{"allow":["GET"]}}],"collection":[{"href":"https:\/\/mgsgroups.net.br\/index.php\/wp-json\/wp\/v2\/pages"}],"about":[{"href":"https:\/\/mgsgroups.net.br\/index.php\/wp-json\/wp\/v2\/types\/page"}],"author":[{"embeddable":true,"href":"https:\/\/mgsgroups.net.br\/index.php\/wp-json\/wp\/v2\/users\/1"}],"replies":[{"embeddable":true,"href":"https:\/\/mgsgroups.net.br\/index.php\/wp-json\/wp\/v2\/comments?post=22"}],"version-history":[{"count":22,"href":"https:\/\/mgsgroups.net.br\/index.php\/wp-json\/wp\/v2\/pages\/22\/revisions"}],"predecessor-version":[{"id":1975,"href":"https:\/\/mgsgroups.net.br\/index.php\/wp-json\/wp\/v2\/pages\/22\/revisions\/1975"}],"wp:attachment":[{"href":"https:\/\/mgsgroups.net.br\/index.php\/wp-json\/wp\/v2\/media?parent=22"}],"curies":[{"name":"wp","href":"https:\/\/api.w.org\/{rel}","templated":true}]}}